{"id":118,"date":"2026-04-04T15:52:39","date_gmt":"2026-04-04T15:52:39","guid":{"rendered":"https:\/\/aethera-noctua.fr\/?page_id=118"},"modified":"2026-04-04T15:52:39","modified_gmt":"2026-04-04T15:52:39","slug":"les-melanges-enchantes","status":"publish","type":"page","link":"https:\/\/aethera-noctua.fr\/index.php\/les-melanges-enchantes\/","title":{"rendered":"Les m\u00e9langes enchant\u00e9s"},"content":{"rendered":"\n<p>Plongez au c\u0153ur de l\u2019univers des plantes et laissez la magie op\u00e9rer. Lors de cet atelier, vous apprendrez \u00e0 cr\u00e9er vos propres tisanes \u00e0 partir de plantes m\u00e9dicinales soigneusement choisies, en explorant leurs parfums, leurs textures et leurs vertus. Chaque geste devient un rituel : effleurer les feuilles, humer les fleurs, sentir l\u2019\u00e9nergie qui circule entre vos mains et la nature.<\/p>\n\n\n\n<p>Vous d\u00e9couvrirez comment chaque plante raconte son histoire et influence votre bien-\u00eatre, tout en cultivant votre sensibilit\u00e9 aux rythmes et aux cycles de la Terre. \u00c0 la fin de la s\u00e9ance, vous repartirez avec vos m\u00e9langes uniques, mais aussi avec une part de ce monde vivant, \u00e0 infuser, savourer et partager chez vous, comme un petit fragment de magie quotidienne.<\/p>\n","protected":false},"excerpt":{"rendered":"<p>Plongez au c\u0153ur de l\u2019univers des plantes et laissez la magie op\u00e9rer. Lors de cet atelier, vous apprendrez \u00e0 cr\u00e9er vos propres tisanes \u00e0 partir de plantes m\u00e9dicinales soigneusement choisies, en explorant leurs parfums, leurs textures et leurs vertus. Chaque geste devient un rituel : effleurer les feuilles, humer les fleurs, sentir l\u2019\u00e9nergie qui circule [&hellip;]<\/p>\n","protected":false},"author":1,"featured_media":0,"parent":0,"menu_order":0,"comment_status":"closed","ping_status":"closed","template":"","meta":{"footnotes":""},"class_list":["post-118","page","type-page","status-publish","hentry"],"jetpack_sharing_enabled":true,"_links":{"self":[{"href":"https:\/\/aethera-noctua.fr\/index.php\/wp-json\/wp\/v2\/pages\/118","targetHints":{"allow":["GET"]}}],"collection":[{"href":"https:\/\/aethera-noctua.fr\/index.php\/wp-json\/wp\/v2\/pages"}],"about":[{"href":"https:\/\/aethera-noctua.fr\/index.php\/wp-json\/wp\/v2\/types\/page"}],"author":[{"embeddable":true,"href":"https:\/\/aethera-noctua.fr\/index.php\/wp-json\/wp\/v2\/users\/1"}],"replies":[{"embeddable":true,"href":"https:\/\/aethera-noctua.fr\/index.php\/wp-json\/wp\/v2\/comments?post=118"}],"version-history":[{"count":1,"href":"https:\/\/aethera-noctua.fr\/index.php\/wp-json\/wp\/v2\/pages\/118\/revisions"}],"predecessor-version":[{"id":119,"href":"https:\/\/aethera-noctua.fr\/index.php\/wp-json\/wp\/v2\/pages\/118\/revisions\/119"}],"wp:attachment":[{"href":"https:\/\/aethera-noctua.fr\/index.php\/wp-json\/wp\/v2\/media?parent=118"}],"curies":[{"name":"wp","href":"https:\/\/api.w.org\/{rel}","templated":true}]}}